{"id":137,"date":"2013-04-27T06:39:08","date_gmt":"2013-04-27T05:39:08","guid":{"rendered":"http:\/\/test.club-nouvelle-mini.com\/?p=137"},"modified":"2018-05-21T11:22:34","modified_gmt":"2018-05-21T10:22:34","slug":"agenda-2013","status":"publish","type":"page","link":"https:\/\/www.club-nouvelle-mini.com\/?page_id=137","title":{"rendered":"Agenda 2013"},"content":{"rendered":"<ul class=\"arrow\">\n<li>14 avril : Driving with a heart (meeting non CNM en Flandres Occidentale)<\/li>\n<li>27 et 28 avril : Meeting au Grand Duch\u00e9 du Luxembourg &#8211; <a href=\"http:\/\/www.club-nouvelle-mini.com\/?p=140\">Lire l&rsquo;article<\/a><\/li>\n<li>11 et 12 mai : Meeting Avesnois au Nord de la France &#8211; <a href=\"http:\/\/www.club-nouvelle-mini.com\/?p=144\">Lire l&rsquo;article<\/a><\/li>\n<li>26 mai : B&amp;O au pays des collines (meeting non CNM en Belgique)<\/li>\n<li>23 juin : Meeting pique-nique Lorrain &#8211; <a href=\"http:\/\/www.club-nouvelle-mini.com\/?p=146\">Lire l&rsquo;article<\/a><\/li>\n<li>6 juillet : Meeting les boucles du pays vert (R\u00e9gion de Ath en Belgique) &#8211; <a href=\"http:\/\/www.club-nouvelle-mini.com\/?p=148\">Lire l&rsquo;article<\/a><\/li>\n<li>20 et 21 juillet : Meeting \u00ab\u00a0Solaire\u00a0\u00bb en Belgique (Sud-Est) avec le Z3club.fr &#8211; <a href=\"http:\/\/www.club-nouvelle-mini.com\/?p=153\">Lire l&rsquo;article<\/a><\/li>\n<li>30 et 31 ao\u00fbt : Meeting Suisse &#8211; <a href=\"http:\/\/www.club-nouvelle-mini.com\/?p=158\">Lire l&rsquo;article<\/a><\/li>\n<li>19 et 20 octobre : AG du club et Meeting Jura &#8211; <a href=\"http:\/\/www.club-nouvelle-mini.com\/?p=165\">Lire l&rsquo;article<\/a><\/li>\n<li>21 et 22 d\u00e9cembre : Les routes du P\u00e8re No\u00ebl &#8211; <a href=\"http:\/\/www.club-nouvelle-mini.com\/?p=170\">Lire l&rsquo;article<\/a><\/li>\n<\/ul>\n","protected":false},"excerpt":{"rendered":"<p>14 avril : Driving with a heart (meeting non CNM en Flandres Occidentale) 27 et 28 avril : Meeting au Grand Duch\u00e9 du Luxembourg &#8211; Lire l&rsquo;article 11 et 12 mai : Meeting Avesnois au Nord de la France &#8211;&#8230; <a class=\"more-link\" href=\"https:\/\/www.club-nouvelle-mini.com\/?page_id=137\">Continue Reading &rarr;<\/a><\/p>\n","protected":false},"author":1,"featured_media":0,"parent":0,"menu_order":3,"comment_status":"closed","ping_status":"open","template":"","meta":[],"_links":{"self":[{"href":"https:\/\/www.club-nouvelle-mini.com\/index.php?rest_route=\/wp\/v2\/pages\/137"}],"collection":[{"href":"https:\/\/www.club-nouvelle-mini.com\/index.php?rest_route=\/wp\/v2\/pages"}],"about":[{"href":"https:\/\/www.club-nouvelle-mini.com\/index.php?rest_route=\/wp\/v2\/types\/page"}],"author":[{"embeddable":true,"href":"https:\/\/www.club-nouvelle-mini.com\/index.php?rest_route=\/wp\/v2\/users\/1"}],"replies":[{"embeddable":true,"href":"https:\/\/www.club-nouvelle-mini.com\/index.php?rest_route=%2Fwp%2Fv2%2Fcomments&post=137"}],"version-history":[{"count":4,"href":"https:\/\/www.club-nouvelle-mini.com\/index.php?rest_route=\/wp\/v2\/pages\/137\/revisions"}],"predecessor-version":[{"id":641,"href":"https:\/\/www.club-nouvelle-mini.com\/index.php?rest_route=\/wp\/v2\/pages\/137\/revisions\/641"}],"wp:attachment":[{"href":"https:\/\/www.club-nouvelle-mini.com\/index.php?rest_route=%2Fwp%2Fv2%2Fmedia&parent=137"}],"curies":[{"name":"wp","href":"https:\/\/api.w.org\/{rel}","templated":true}]}}