{"id":47,"date":"2010-01-07T12:01:28","date_gmt":"2010-01-07T11:01:28","guid":{"rendered":"http:\/\/test.club-nouvelle-mini.com\/?p=47"},"modified":"2015-05-30T11:41:13","modified_gmt":"2015-05-30T10:41:13","slug":"agenda-2010","status":"publish","type":"page","link":"https:\/\/www.club-nouvelle-mini.com\/?page_id=47","title":{"rendered":"Agenda 2010"},"content":{"rendered":"<ul class=\"arrow\">\n<li>24 et 25 avril : Le Remake des routes du P\u00e8re No\u00ebl<\/li>\n<li>15 et 16 mai : Meeting Bretagne<\/li>\n<li>23 mai : Rallye des Fagnes dans la r\u00e9gion de Spa-Francorchamps<\/li>\n<li>12 juin : Raid MINI avec la concession Fournier des Ulis<\/li>\n<li>26 juin : Sortie concession Discar<\/li>\n<li>3 juillet : Sortie dans le Vexin<\/li>\n<li>31 juillet et 1er ao\u00fbt : JNS 10<\/li>\n<li>18 et 19 septembre : Meeting D-Day en Normandie<\/li>\n<li>23 et 24 octobre : Westhoek Tour AG en Belgique<\/li>\n<li>18 d\u00e9cembre : Les routes du p\u00e8re No\u00ebl 3<\/li>\n<\/ul>\n","protected":false},"excerpt":{"rendered":"<p>24 et 25 avril : Le Remake des routes du P\u00e8re No\u00ebl 15 et 16 mai : Meeting Bretagne 23 mai : Rallye des Fagnes dans la r\u00e9gion de Spa-Francorchamps 12 juin : Raid MINI avec la concession Fournier des&#8230; <a class=\"more-link\" href=\"https:\/\/www.club-nouvelle-mini.com\/?page_id=47\">Continue Reading &rarr;<\/a><\/p>\n","protected":false},"author":1,"featured_media":0,"parent":0,"menu_order":6,"comment_status":"closed","ping_status":"open","template":"","meta":[],"_links":{"self":[{"href":"https:\/\/www.club-nouvelle-mini.com\/index.php?rest_route=\/wp\/v2\/pages\/47"}],"collection":[{"href":"https:\/\/www.club-nouvelle-mini.com\/index.php?rest_route=\/wp\/v2\/pages"}],"about":[{"href":"https:\/\/www.club-nouvelle-mini.com\/index.php?rest_route=\/wp\/v2\/types\/page"}],"author":[{"embeddable":true,"href":"https:\/\/www.club-nouvelle-mini.com\/index.php?rest_route=\/wp\/v2\/users\/1"}],"replies":[{"embeddable":true,"href":"https:\/\/www.club-nouvelle-mini.com\/index.php?rest_route=%2Fwp%2Fv2%2Fcomments&post=47"}],"version-history":[{"count":1,"href":"https:\/\/www.club-nouvelle-mini.com\/index.php?rest_route=\/wp\/v2\/pages\/47\/revisions"}],"predecessor-version":[{"id":259,"href":"https:\/\/www.club-nouvelle-mini.com\/index.php?rest_route=\/wp\/v2\/pages\/47\/revisions\/259"}],"wp:attachment":[{"href":"https:\/\/www.club-nouvelle-mini.com\/index.php?rest_route=%2Fwp%2Fv2%2Fmedia&parent=47"}],"curies":[{"name":"wp","href":"https:\/\/api.w.org\/{rel}","templated":true}]}}